 w.
41
Suppose -2 = -3*t + 94. List the prime factors of t.
2
Let v = 4 - 3. Let a be (-2)/v + (2 - -2). Let u = a + 0. List the prime factors of u.
2
Let k be 6/18 + 11/3. Suppose 4*s - 56 = s - 5*c, 8 = 2*s - k*c. What are the prime factors of s?
2, 3
Let f(v) = v**2 + 7*v. Let y be f(6). Suppose 2*d - 38 = -p - 0*p, 2*p + 2*d - y = 0. List the prime factors of p.
2, 5
Let r(u) = 5*u**2 + u + 1. What are the prime factors of r(3)?
7
Suppose 5*k - 28 = 7. Let b = 7 - k. Suppose -4*s + 16 + 0 = b. List the prime factors of s.
2
Suppose -5*u + 22 + 3 = 0. Let k(d) = d - 8. Let i(w) = 6*w - 39. Let f(l) = u*i(l) - 24*k(l). What are the prime factors of f(3)?
3, 5
Suppose -5*j + 15 = 0, d + 14 = 6*d - 2*j. Suppose -3*x = -15, 4*v = d*x - 3*x - 57. Let g = 1 - v. List the prime factors of g.
2, 7
Let c(a) = -a**3 + 4*a**2 - 2*a - 1. Let g be c(3). Let q be (9 + -13)/(1*-2). Suppose -q*p - v = v - g, -4*v - 8 = 2*p. List the prime factors of p.
2, 3
Let v = 13 + -5. Let g be 30/v - (-3)/12. Let u(x) = x + 4. What are the prime factors of u(g)?
2
Suppose 5*r + 973 = 12*r. What are the prime factors of r?
139
Suppose -4*j - 44 = -0*j. Let l = j - -23. What are the prime factors of l?
2, 3
Let l be 6/21 - 78/(-21). Suppose -b = l*b. Suppose b*c + c - 4 = 0. List the prime factors of c.
2
Suppose 0 = u + 2*u + 2*y - 1, -5*u - 4*y + 1 = 0. Suppose u = -m - 4. Let i = m + 9. List the prime factors of i.
2
Suppose 0 = -3*q + 6*q - 6. Suppose g + q = -2. Let o = 6 + g. What are the prime factors of o?
2
Let v be 1/3 - 2/(-3). Let u be v/(-4) - 5/(-4). What are the prime factors of 10*(4/2 - u)?
2, 5
Let h = 919 + -511. What are the prime factors of (-12)/(-28) - h/(-28)?
3, 5
Let d = 171 + 19. What are the prime factors of d?
2, 5, 19
Suppose o = 3*g - 1, -g = -4*o + 12 + 6. What are the prime factors of 228/39 + g/13?
2, 3
Suppose -819 = -6*a + 93. Suppose -f + 104 = 2*f + 2*r, -a = -4*f + 4*r. What are the prime factors of f?
2, 3
Suppose -1695 = -22*l + 7*l. List the prime factors of l.
113
Suppose w = 4, -2*r = r - 2*w - 10. Suppose -4*x - r = -p + 16, 0 = x + 5. Suppose -k - 4 = -p*k. List the prime factors of k.
2
Suppose -3*f + 4*f - 6 = 0. Let k(g) = -g**2 + 7*g + 5. List the prime factors of k(f).
11
Suppose 55 = 3*r + x, x = -2*r + 15 + 21. Suppose 4*j - 4*k = 52, -j = -5*k - r - 2. List the prime factors of j.
11
Let z(w) = -w**3 + w**2 - w + 1. Let x be z(0). List the prime factors of -4*x/(-4) - -23.
2, 3
Let l = 2 + 2. Suppose -a - 39 = -4*a. Let x = a - l. What are the prime factors of x?
3
Let s = 12 - 6. Let k = 16 - s. List the prime factors of k.
2, 5
What are the prime factors of (2*5/(-3))/(4/(-474))?
5, 79
Suppose 4*n = 80 + 60. What are the prime factors of n?
5, 7
Suppose 5*c = -0*c. Suppose c*h = -3*h - 3*n + 69, -3*h - 5*n + 67 = 0. List the prime factors of h.
2, 3
Suppose -3*h = 5*b - 16, -3*h + 3*b = -2*b + 4. Let v(p) = 7*p**2 - 2*p. What are the prime factors of v(h)?
2, 3
Let c(i) = 45*i**2 + 2*i + 1. List the prime factors of c(-1).
2, 11
Let z = -8 + 9. What are the prime factors of ((-54)/15)/(z/(-5))?
2, 3
Suppose -4*c + 2*c + 8 = 0. Suppose 0 = c*z + u - 43, 3*u + 51 = 3*z - 0*u. Suppose -2*v + 8 = -z. What are the prime factors of v?
2, 5
Suppose -z = -o, -z - 3*o = 3*z + 7. Let t be -1*(-2 - -1) + -4. List the prime factors of (z - t)*10/4.
5
Let u(f) = 2*f**2 + 7*f - 1. What are the prime factors of u(-5)?
2, 7
Let k(x) be the first derivative of -x**3/3 - 7*x**2 - 4*x + 3. List the prime factors of k(-8).
2, 11
Let m(g) = -g**3 - 6*g**2 - 4*g - 1. Let o be m(-5). Let y be 200/12*o/(-5). Let n = 28 - y. What are the prime factors of n?
2
Let c(v) = -6*v**3 - 7*v**2 - 4. Let b(n) = 7*n**3 + 8*n**2 + n + 5. Let m(g) = 5*b(g) + 6*c(g). List the prime factors of m(-4).
13
Let a(u) = u**3 + 3. Let m be a(0). Suppose m*b - 20 = 7. What are the prime factors of b?
3
What are the prime factors of ((-104)/39)/(4/(-18))?
2, 3
Suppose 5*y = -2*d + 4*d, -d = y. Let h = y - 6. List the prime factors of ((-4)/h)/(1/6).
2
Let s(j) = 36*j. Let v(a) = -a. Let z(k) = -s(k) - 24*v(k). List the prime factors of z(-1).
2, 3
Let v = 3 - 4. Let q be v + 1 - (2 - 4). Suppose 1 + 15 = q*p. What are the prime factors of p?
2
Let q = 66 + -154. Let w = -31 - q. Suppose -p - 5*c - 38 = -3*p, -w = -5*p + 3*c. List the prime factors of p.
3
Let p = 63 - -7. List the prime factors of p.
2, 5, 7
Let p(b) = -4*b + 1. Let o(j) = -j**3 + 5*j**2 - 6*j + 3. Let k be o(4). What are the prime factors of p(k)?
3, 7
Suppose -2*d = -2*h + 3*d + 21, 0 = 3*h + d - 74. What are the prime factors of h?
23
Let b(j) = j**2 - 3*j. Let n be b(3). Let t be (1 - n - 2)*-3. What are the prime factors of 3/(6/22) + t?
2, 7
Let q(k) = k**2 - 4*k + 3. Let u be q(6). List the prime factors of (22/(-3))/((-10)/u).
11
Suppose 4*g - 123 = w - 32, w = -2*g + 41. List the prime factors of g.
2, 11
Let x(g) = -g**2 + 4*g + 6. Let v = 2 - -3. Let j be x(v). List the prime factors of 11 - (1 - 1) - j.
2, 5
Let b be (-1)/4 + 2/8. Suppose -2*o - 10 + 86 = b. Let d = o - 26. What are the prime factors of d?
2, 3
Suppose -5*m - 393 = -1003. What are the prime factors of m?
2, 61
What are the prime factors of (-25 - 6 - 2)*-5?
3, 5, 11
Suppose 5*k = u + 12, -2 = -k + 3*u + 6. Suppose -3*v + k*v + 16 = 0. Suppose -p + 23 = 4*x, 5*x - 5*p + 2*p = v. What are the prime factors of x?
5
Suppose 6*h - 12 = 2*h. Suppose 0 = 3*n - 4*n - t - 2, 0 = 3*t + 6. Suppose -u + n*u = -h. What are the prime factors of u?
3
Let s = -4 - 2. Let w(n) = -7*n - 7. Let f be w(s). Suppose 4*a + a - f = 0. List the prime factors of a.
7
Let w(l) be the first derivative of -l**5/60 + 5*l**4/24 - l**3/3 + l**2 - 2. Let s(k) be the second derivative of w(k). What are the prime factors of s(4)?
2
Let n = 145 - 87. Suppose w = -4*o + 3, 2*w - o - 4*o - n = 0. Let k = 32 - w. What are the prime factors of k?
13
Suppose 3*d - 497 = -s, 4*d - 845 = -d - 5*s. Suppose z - 44 = 5*n + 9, 4*n + d = 4*z. List the prime factors of z.
2, 19
Let o = 17 - 14. Suppose -7*v + 2*v + 3*j = -57, -2*v + 22 = -j. Suppose o*l - n + v = 23, 5*l - 3*n - 18 = 0. List the prime factors of l.
2, 3
Let t(q) be the third derivative of -q**7/5040 + q**6/80 - q**5/30 - q**2. Let s(d) be the third derivative of t(d). What are the prime factors of s(7)?
2
Suppose -3*q + 13 - 73 = 0. Let u = -9 - q. What are the prime factors of u?
11
Let m(f) = -9*f + 10. List the prime factors of m(-7).
73
Let o be 26 - 1/((-3)/6). Let f = -19 + o. List the prime factors of f.
3
Let r(j) = -j**2 - 11*j - 8. Let a(n) = -n**2 - 11*n - 7. Let w(b) = -4*a(b) + 5*r(b). What are the prime factors of w(-8)?
2, 3
Suppose -o - 19 = -0*g - g, 95 = -5*o + 3*g. Let c = o - -40. List the prime factors of c.
3, 7
Let r = 67 + 63. Suppose -g + 4 = -0*g + 5*a, -r = -5*g - 3*a. List the prime factors of g.
29
Let b = 213 - 152. What are the prime factors of b?
61
Let z(h) = 2*h**3 - 6*h**2 + h + 8. List the prime factors of z(4).
2, 11
Let o = 51 + -43. Let q(i) = i**2 + 3*i + 4. Let p be q(-6). Suppose o = 5*k - p. List the prime factors of k.
2, 3
Let t(b) = b**2 + 6*b - 8. Let c be t(-8). List the prime factors of (-52)/c*-6 - -2.
41
Suppose -c + 266 = -66. What are the prime factors of c?
2, 83
Let h = -15 - -55. Suppose -12*k + 7*k = -h. List the prime factors of k.
2
Suppose -2*c - 2*f + 59 = -c, -5*c - 5*f = -310. Suppose c - 5 = 4*l. What are the prime factors of l?
3, 5
Suppose -z - 12 = -3*j, 4*j + j = -3*z + 20. List the prime factors of j + (0 + 3 - 3).
2
What are the prime factors of -1 + 3 - -56 - 1?
3, 19
Let y be 20/6 - (-18)/27. Let h be 13/4 + 4/(-16). Suppose y*s = 3*p + p - 44, h*p - s = 25. List the prime factors of p.
7
Let f = -18 - -4. Let b = -547 + 389. What are the prime factors of b/f + 4/(-14)?
11
Let l = 147 + -39. What are the prime factors of l?
2, 3
Let l(j) = j**2 - 7*j + 5. What are the prime factors of l(10)?
5, 7
Suppose 280 = 4*o + 12. List the prime factors of o.
67
Let c(z) = -z**2 - 9*z - 7. Let b be -2 + (-5)/(-2)*-2. Let j be c(b). Suppose -3*h + 57 = 5*f, j*f - 33 = 4*f - 3*h. What are the prime factors of f?
2, 3
Let i(w) = -7*w + 1. Let h be i(2). Let d = -9 - h. List the prime factors of d.
2
What are the prime factors of (4/3)/